lse
Is 78 a factor of 299?
False
Is 1164 a multiple of 6?
True
Is 96 a factor of 6358?
False
Does 42 divide 35117?
False
Is 14452 a multiple of 26?
False
Does 24 divide 14648?
False
Does 106 divide 991?
False
Does 19 divide 5110?
False
Is 23 a factor of 267?
False
Is 18 a factor of 543?
False
Is 16 a factor of 39046?
False
Is 9 a factor of 31259?
False
Does 83 divide 35856?
True
Is 515 a multiple of 6?
False
Does 51 divide 529?
False
Is 1526 a multiple of 7?
True
Is 6 a factor of 17820?
True
Does 7 divide 6850?
False
Is 12 a factor of 348?
True
Is 120 a multiple of 3?
True
Does 11 divide 1243?
True
Does 52 divide 2080?
True
Is 32 a factor of 437?
False
Does 4 divide 14368?
True
Does 78 divide 9260?
False
Is 163 even?
False
Is 80 a factor of 1299?
False
Is 535 a multiple of 5?
True
Is 5180 a multiple of 74?
True
Is 44 a factor of 6860?
False
Is 12000 a multiple of 75?
True
Does 381 divide 17907?
True
Is 67971 a multiple of 8?
False
Is 27 a factor of 2538?
True
Does 7 divide 931?
True
Is 25 a multiple of 5?
True
Is 8514 a multiple of 11?
True
Does 41 divide 533?
True
Is 8582 a multiple of 2?
True
Is 8980 a multiple of 20?
True
Is 179 a factor of 59563?
False
Does 17 divide 112?
False
Is 153 a multiple of 3?
True
Is 76 a factor of 4035?
False
Is 1879 a multiple of 154?
False
Does 13 divide 17199?
True
Does 6 divide 8928?
True
Does 38 divide 245?
False
Does 26 divide 2601?
False
Does 16 divide 5239?
False
Is 606 a multiple of 4?
False
Does 11 divide 14110?
False
Is 21 a factor of 216?
False
Is 3180 a multiple of 102?
False
Is 920 a multiple of 6?
False
Is 30 a factor of 115350?
True
Is 14 a factor of 7722?
False
Does 65 divide 8125?
True
Is 95 a multiple of 3?
False
Does 44 divide 10257?
False
Does 2 divide 1039?
False
Is 9224 a multiple of 32?
False
Does 66 divide 1969?
False
Does 3 divide 285?
True
Is 938 a multiple of 40?
False
Is 34 a factor of 1333?
False
Is 41 a factor of 738?
True
Is 38009 a multiple of 223?
False
Does 131 divide 978?
False
Is 33 a factor of 1485?
True
Does 35 divide 123321?
False
Is 90 a factor of 308?
False
Is 44 a factor of 134244?
True
Is 499 a multiple of 11?
False
Is 50 a factor of 2775?
False
Is 1920 a multiple of 60?
True
Is 28 a factor of 14778?
False
Is 24 a factor of 192?
True
Does 32 divide 3910?
False
Is 192 a factor of 18816?
True
Is 6 a factor of 13344?
True
Is 5 a factor of 417?
False
Is 5 a factor of 2750?
True
Is 9 a factor of 18?
True
Does 3 divide 84?
True
Is 572 a multiple of 31?
False
Is 15 a factor of 508?
False
Is 141 a factor of 54849?
True
Is 227505 a multiple of 15?
True
Is 4 a factor of 24808?
True
Is 39256 a multiple of 14?
True
Is 39639 a multiple of 73?
True
Is 8 a factor of 10387?
False
Is 54 a multiple of 3?
True
Is 46794 a multiple of 66?
True
Is 16 a factor of 60640?
True
Is 103 a multiple of 14?
False
Is 44 a multiple of 8?
False
Does 32 divide 5824?
True
Is 8 a factor of 2000?
True
Is 154 a factor of 4880?
False
Does 13 divide 325?
True
Does 19 divide 2527?
True
Is 4 a factor of 306?
False
Is 12 a factor of 2772?
True
Is 2359 a multiple of 11?
False
Is 8 a factor of 184?
True
Does 21 divide 43932?
True
Is 6 a factor of 180?
True
Is 15 a factor of 3210?
True
Is 858 a multiple of 7?
False
Does 61 divide 4209?
True
Does 14 divide 112?
True
Does 16 divide 4704?
True
Is 64 a factor of 29315?
False
Does 17 divide 442?
True
Does 10 divide 1327?
False
Does 99 divide 3351?
False
Does 14 divide 88564?
True
Is 10 a factor of 1627?
False
Does 8 divide 5507?
False
Is 61 a factor of 32818?
True
Is 11 a factor of 803?
True
Does 57 divide 19348?
False
Does 23 divide 665?
False
Does 20 divide 4737?
False
Is 248 a multiple of 19?
False
Is 36 a factor of 16102?
False
Is 24 a factor of 18454?
False
Is 14 a factor of 127260?
True
Is 3 a factor of 147?
True
Is 12 a factor of 71?
False
Is 8 a factor of 47256?
True
Is 46 a factor of 101273?
False
Is 15104 a multiple of 128?
True
Is 91 a factor of 29359?
False
Is 518 a multiple of 6?
False
Does 36 divide 2160?
True
Does 17 divide 8846?
False
Is 10 a factor of 23690?
True
Is 3038 a multiple of 62?
True
Is 4322 a multiple of 20?
False
Is 8 a factor of 620?
False
Is 15 a factor of 495?
True
Is 6 a factor of 342?
True
Is 7446 a multiple of 17?
True
Does 12 divide 3532?
False
Is 14 a factor of 62832?
True
Is 39924 a multiple of 79?
False
Does 20 divide 3360?
True
Is 9 a factor of 229?
False
Does 70 divide 2440?
False
Is 9408 a multiple of 12?
True
Does 31 divide 30876?
True
Does 28 divide 81312?
True
Is 10 a factor of 311?
False
Is 12 a factor of 385?
False
Does 41 divide 2342?
False
Does 15 divide 1485?
True
Does 68 divide 1905?
False
Is 26 a factor of 10435?
False
Is 39057 a multiple of 141?
True
Does 16 divide 656?
True
Does 30 divide 4875?
False
Is 166 a factor of 16268?
True
Is 2 a factor of 833?
False
Is 9471 a multiple of 41?
True
Does 12 divide 21260?
False
Is 26 a factor of 65291?
False
Does 34 divide 20808?
True
Does 50 divide 7559?
False
Is 34033 a multiple of 108?
False
Is 8 a factor of 60136?
True
Does 13 divide 14944?
False
Is 223 even?
False
Does 124 divide 1498?
False
Does 66 divide 480?
False
Is 86 a factor of 34097?
False
Is 4 a factor of 13?
False
Does 14 divide 65338?
True
Is 230 a multiple of 3?
False
Does 15 divide 3106?
False
Does 13 divide 1618?
False
Is 9 a factor of 1847?
False
Is 2607 a multiple of 33?
True
Is 16 a factor of 4736?
True
Is 7 a factor of 57790?
False
Is 39 a factor of 849?
False
Does 34 divide 1955?
False
Does 2 divide 985?
False
Does 274 divide 4640?
False
Is 21 a factor of 128?
False
Is 39270 a multiple of 357?
True
Is 54 a factor of 260?
False
Is 47 a factor of 32900?
True
Is 1845 a multiple of 15?
True
Does 8 divide 5208?
True
Is 11606 a multiple of 30?
False
Is 16 a factor of 2665?
False
Is 2792 a multiple of 29?
False
Is 4 a factor of 72?
True
Is 186 a factor of 20925?
False
Is 10 a multiple of 3?
False
Is 926 a multiple of 5?
False
Is 19 a factor of 16435?
True
Is 7071 a multiple of 13?
False
Is 35 a factor of 11935?
True
Does 69 divide 552?
True
Does 38 divide 8018?
True
Does 113 divide 17062?
False
Is 60 a multiple of 3?
True
Is 894 a multiple of 12?
False
Does 143 divide 8570?
False
Is 14 a factor of 33095?
False
Does 197 divide 84513?
True
Is 995 a multiple of 199?
True
Is 155 a factor of 15668?
False
Does 56 divide 7056?
True
Is 692 a multiple of 31?
False
Is 101 a factor of 68781?
True
Is 45 a multiple of 15?
True
Is 19367 a multiple of 107?
True
Is 80088 a multiple of 188?
True
Is 8559 a multiple of 27?
True
Does 10 divide 971?
False
Is 9 a factor of 371?
False
Is 142 a factor of 18370?
False
Is 104063 a multiple of 28?
False
Does 5 divide 1166?
False
Does 311 divide 19593?
True
Is 2235 a multiple of 15?
True
Is 2500 a multiple of 10?
True
Is 10 a factor of 1590?
True
Is 22 a factor of 5676?
True
Is 10 a factor of 1821?
False
Is 13 a factor of 351?
True
Does 78 divide 10694?
False
Is 75 a factor of 9360?
False
Does 103 divide 6077?
True
Is 100 a factor of 1421?
False
Is 9 a factor of 624?
False
Does 4 divide 21753?
False
Is 71 a multiple of 32?
False
Does 22 divide 2068?
True
Does 58 divide 6078?
False
Is 296 a multiple of 29?
False
Does 30 divide 8970?
True
Is 5 a factor of 429?
False
Is 6 a factor of 432?
True
Is 321 a multiple of 9?
False
Is 80 a multiple of 12?
False
Is 23 a factor of 1452?
False
Is 12 a factor of 2632?
False
Is 7280 a multiple of 35?
True
Is 1707 a multiple of 96?
False
Is 10154 a multiple of 6?
False
Is 1053 a multiple of 13?
True
Is 1444 a multiple of 4?
True
Is 6398 a multiple of 42?
False
Does 61 divide 8662?
True
Is 7385 a multiple of 77?
False
Is 4884 a multiple of 44?
True
Is 463 a factor of 83340?
True
Is 62 a factor of 583?
False
Does 57 divide 36824?
False
Does 13 divide 260?
True
Is 20 a factor of 8180?
True
Does 5 divide 56345?
True
Is 85932 a multiple of 99?
True
Is 8753 even?
False
Is 95 a factor of 2100?
False
Is 2250 a multiple of 6?
True
Is 94552 a multiple of 368?
False
Does 29 divide 1131?
True
Is 7 a factor of 490?
True
Is 2069 a multiple of 50?
False
Is 7066 a multiple of 71?
False
Is 10 a factor of 1050?
True
Is 11 a factor of 1337?
False
Is 60155 a multiple of 105?
False
Does 25 divide 581?
False
Is 12 a factor of 8213?
False
Does 15 divide 11895?
True
Is 42 a fa